= 3*q, 20 = 2*p - 3*q. Suppose -z*i - n = -87, i - 2*n - 2*n = p. What is the tens digit of i?
2
Suppose 0 = -10*f - 3*f + 12870. What is the tens digit of f?
9
Let f(m) = -m**2 + 3*m - 1. Let u be f(2). Let c(x) = -3*x**2 + x + 2. Let r be c(4). What is the units digit of 1/(-2)*r*u?
1
Let t(s) = -s**3 - 12*s**2 - 11*s. Let p be t(-11). Suppose -2*u + 7*u = p. What is the units digit of (-1)/(1/(-19) + u)?
9
Suppose -5*y - 6*g + 25 = -g, -4*g = -8. Suppose -4*h - h = y*m - 731, 0 = -h - 2*m + 149. What is the units digit of h?
5
Let w = 179 - -605. Suppose -18*z + 11*z + w = 0. What is the hundreds digit of z?
1
Let z(q) = 0*q**2 + 6*q**2 - 4*q**2 - 4 + 4*q + 3*q**2. Let a be z(4). Suppose 7*m + a = 9*m. What is the units digit of m?
6
Let m = 1930 - 1122. What is the units digit of m?
8
Suppose -w - 1 = 2*j + j, 12 = -2*j + 5*w. What is the units digit of j/(2 - (-63)/(-30))?
0
Let v(b) = b**3 - 8*b**2 - 27*b + 13. Let n be v(11). Suppose n = 2*m - 4*k + 11, m - 36 = 4*k. What is the tens digit of m?
3
Let k be (-1)/(-3) - 10/(-6). Let u be 2 - (-1 + -3 + k). Suppose j + u = 3*n, 0 = n + 2*n + 5*j - 16. What is the units digit of n?
2
Suppose -12*p + 3179 - 179 = 0. What is the tens digit of p?
5
Suppose 6*u - 3 = 5*u. Suppose -s + u*p = 15, 3*s + 52 = p + p. What is the units digit of (4/(-6))/(4/s)?
3
Suppose -19 + 13 = -3*t. What is the tens digit of (2 - 5/t)*2*-92?
9
Suppose -2*s = 0, 0 = 3*l - s + 86 - 509. What is the hundreds digit of l?
1
Suppose 2*l = 2*j, -4*j + 2*l + 8 - 2 = 0. Suppose -3*w + 21 = 2*n - 0*n, -j*w - 51 = -4*n. Let k = n - 5. What is the units digit of k?
7
Let i = 38 - 50. Let f be (i/3 + -4)/(-2). Suppose -h = 5*g - 2*h - 210, f*h - 168 = -4*g. What is the units digit of g?
2
Suppose 3*l = -5*c + 70, -2*c - 3*l + 50 = 13. Suppose 1 - c = -5*d. Suppose d*t - 4 = 20. What is the tens digit of t?
1
Let l = 3607 - 100. What is the units digit of l?
7
Let n(u) = 1429*u - 213. What is the units digit of n(3)?
4
Let j be (7 + 3)*4/10. Let b be (-90)/j*48/(-40). Suppose -2*g = -2*q - 30, -4*g + g = 3*q - b. What is the tens digit of g?
1
Let v(q) = -q**3 + 3*q**2 + 6*q - 3. Let y be v(4). Suppose u - y*u + 380 = 0. What is the tens digit of u?
9
Let n = -15 + 18. Suppose -m = 2*g + n, 5*g - 4*g + m - 1 = 0. Let o = 10 + g. What is the units digit of o?
6
Suppose 4*a = -8, -8*u - 2*a + 1592 = -4*u. What is the units digit of u?
9
Let c be (10/(-8))/((-13)/52). Suppose 329 = -3*o + 3*h - c*h, -4*h = 3*o + 325. Let f = -71 - o. What is the tens digit of f?
4
Let w = -647 + 991. What is the hundreds digit of w?
3
Let o(w) = w - 5. Let m be o(4). Suppose -3*x - 18 = -5*j - 6*x, -2*x + 11 = 3*j. Let v = m + j. What is the units digit of v?
2
What is the tens digit of 3/7 + -61592*9/(-168)?
0
Let v = 59 - 61. What is the hundreds digit of (-360)/(-3) - (2 - (-8)/v)?
1
Suppose -2*o + 6940 = 4*z, 0 = -6*o + 7*o. What is the tens digit of z?
3
Suppose 12*r - 13864 = 1916. What is the hundreds digit of r?
3
Let i = 10 + -3. What is the units digit of 0 - 4 - (-147)/i?
7
What is the tens digit of -4 - ((-1856)/4 - -1)?
5
What is the hundreds digit of 1*(-5 + 476) + 0 + -3?
4
Suppose -3*i = -2*h + 307, -3*h = 4*i + 134 - 637. Suppose h = 13*a + 18. What is the units digit of a?
1
Suppose -9*x = -4*x + 380. Let l = 167 + x. Suppose 0 = -2*v - 2*y + 74, -251 + l = -4*v - y. What is the tens digit of v?
4
Let r = 2438 - 2105. What is the units digit of r?
3
Suppose 2*s + 6*s - 2*s = 0. What is the tens digit of -3 - (1 + s + -25)?
2
Let b = 51 - 18. Suppose a - b = -0*a. What is the tens digit of a?
3
Let s = 11 + -11. Suppose -g = -2 - s. Suppose -g*l + t + 109 = 21, 0 = 4*l + t - 164. What is the units digit of l?
2
Let d(t) = -t**3 + 8*t**2 + 10*t. Let r be (0/(-2) - (-2 - -3))*-9. What is the units digit of d(r)?
9
Suppose -3*f = -7*h + 3*h - 89, 2*h - 2*f + 46 = 0. Let s = 17 + h. Let q(x) = 6*x**2 + 5*x + 2. What is the units digit of q(s)?
1
Suppose 2*p - 1396 - 28 = 0. Suppose t - 3*z = 6*t - p, -4*t + z + 556 = 0. What is the hundreds digit of t?
1
Let b(p) be the first derivative of p**2/2 + 7*p + 2. Let q be b(0). Suppose -3*o = -q*o + 48. What is the units digit of o?
2
Suppose -2*a - 11 + 13 = 0. Let b be ((a - 1)/(-1))/1. Suppose s + 4*s - 30 = b. What is the units digit of s?
6
Suppose s - 11 = -2*q, 2*s - 4*q + 7 = -s. Suppose 3*c = 2*m - 295 - 235, -s*m + 785 = -2*c. What is the hundreds digit of m?
2
Let k(w) be the third derivative of -17/6*w**3 + 1/120*w**6 + 0*w + 12*w**2 - 5/24*w**4 + 0 + 2/15*w**5. What is the units digit of k(-8)?
3
Let p(v) = 4*v**2 + 79*v - 10. What is the units digit of p(10)?
0
Let z be -6 + (1 - -2) - 28. Let v = z + 48. What is the tens digit of v?
1
Suppose 0 = -4*b + 270 + 6. What is the units digit of (b - 0)/((-2)/(-2))?
9
Suppose 0 = 13*p + 2477 - 6039. What is the units digit of p?
4
Suppose -6*t + 42 = t. Suppose 5*m + 30 = 4*c, 4*m - t = m. What is the units digit of c?
0
Let i(v) = -5*v + 8. What is the units digit of i(-6)?
8
What is the hundreds digit of -4 - 2712/(-3 + 1)?
3
What is the units digit of (10/2 + -67)*-11?
2
Let d(q) = 132*q - 15. Suppose 5*l + 12 = 17. What is the hundreds digit of d(l)?
1
Let c be 16690/14 - (-4 - -2)/(-14). Suppose k + c = 9*k. What is the units digit of k?
9
Suppose -2*y - 16*k + 10917 = -11*k, 3*y - 2*k - 16423 = 0. What is the hundreds digit of y?
4
Let k = -26 - -31. Suppose 4 + 16 = k*a. What is the units digit of a?
4
Let f = 100 - 99. What is the units digit of f + -1 - (-79 - (-6 - -10))?
3
Suppose 0 = 5*j + 22 - 177. Suppose 3*x - 61 = 5*d + j, -2*d = 2*x + 40. Let z = d - -32. What is the tens digit of z?
1
Let v = -364 - -927. What is the hundreds digit of v?
5
Let f(w) = 3*w**2 + 3*w - 25. Let n be f(-7). Let o = n + -29. What is the tens digit of o?
7
Let c(w) = -w**2 - 6*w + 3. Let k be c(-7). Let h = k - -2. Let y = 4 - h. What is the units digit of y?
6
Let z(n) be the second derivative of -4*n**3 - 13*n**2/2 + 25*n. What is the tens digit of z(-7)?
5
Suppose -2*y = -14*y + 12156. What is the units digit of y?
3
Let h(q) = q**3 - 18*q**2 + 4*q - 24. Let x(t) = 5 + 4*t**2 - 5 + 4*t**2 - t**3 + 11*t. Let r be x(9). What is the units digit of h(r)?
8
Suppose 4*t + t = -4*z + 193, -3*z = 5*t - 141. Suppose -2*d = z + 34. Let w = 71 + d. What is the tens digit of w?
2
Let r(u) = u**3 - 15*u**2 + 26*u + 20. Let w = 25 + -11. What is the tens digit of r(w)?
8
Let c = 4450 - 3146. What is the tens digit of c?
0
Let p(b) = -56*b - 183. What is the hundreds digit of p(-7)?
2
Suppose -n + 0*s = s - 1035, 2 = s. What is the hundreds digit of n?
0
Let j = -321 - -1456. What is the units digit of j?
5
Let q be -25 - -24 - (206 - 1). Let k = q - -314. What is the units digit of k?
8
Let t(u) = -u**3 - u**2 + 5*u + 2. Let f be t(-7). Suppose 5*y - p - f = 0, 5*y + 2*p + 51 = 309. Suppose -42 = -2*x + y. What is the units digit of x?
7
Suppose -11*j + 140 = -6*j. What is the units digit of -2 + 7/(j/272)?
6
Let w = 238 - 194. What is the units digit of w?
4
Let b be (-2)/(-3) + 3 + 1424/24. Suppose 3*q = 4*q - b. What is the units digit of q?
3
What is the units digit of (-3)/((-18)/42)*(-222)/(-6)?
9
Suppose -4*o + 2*b = 2, 0 = -4*b + 5*b - 1. What is the tens digit of ((-4 - -3) + o)/((-1)/66)?
6
Let l be (3 - -1) + 57 + -2. Let o = -16 + 30. Let i = l - o. What is the units digit of i?
5
Suppose -3*f + 2043 = -2*n, 0 = f - 2*n - 785 + 100. What is the tens digit of f?
7
What is the units digit of (2/4)/((-3)/(-2958))?
3
Let g(l) = l**2 + 8*l + 16. Let a be g(-6). Suppose -b - 62 = 2*v - 5*v, a*v + 2*b = 66. What is the units digit of v?
9
Let n be 74/4*(-8)/4. Let f = n - -9. Let r = -20 - f. What is the units digit of r?
8
Let j(m) = 52*m**2 + 4*m + 2. What is the tens digit of j(-2)?
0
Let y(g) = 139*g - 523. What is the units digit of y(20)?
7
Suppose 22*v - 48537 = 46833. What is the tens digit of v?
3
Suppose 0 = 856*x - 854*x - 254. What is the units digit of x?
7
Let y be (6/(-4))/(3/(-6)). Suppose 2*g - 35 = -y*g. What is the units digit of g?
7
Suppose 5*h - 2921 = u, -h + 0*h + 3*u = -587. What is the tens digit of h?
8
Suppose -5*u = -7*u + 4. Suppose -2*f + 14 = u. What is the units digit of (-4)/f*(-11 - -5)?
4
Let x(o) = -2*o